 + 0*g + 270*g**2 + 1/120*g**6 + 0. What is u(0)?
8
Let h(r) = -8*r**2 - 48*r. Let z be -8 + -9 + 12 + -1. Calculate h(z).
0
Suppose 0 = -a - 4. Let d(z) = -z - 1. Suppose 5*m + 15 = 0, 2*c - 3*c - 5*m = 20. Let f(k) = -k**2 + k + 7. Let p(x) = c*d(x) - f(x). Determine p(a).
-2
Let l(k) = k**2 - 16*k - 21. Let p(b) = b**3 + 14*b**2 - 26*b + 112. Let d be p(-16). Give l(d).
-21
Let q(m) = m**3 + 6*m**2 - 3*m - 4. Suppose 74*z + 129 = -93. Give q(z).
32
Let f(a) = -7*a**2 + 18*a - 16. Let t(y) = -16*y**2 + 38*y - 31. Let o(i) = -7*f(i) + 3*t(i). Let s be o(8). Let x(r) = r**2 + 12*r - 16. Determine x(s).
-3
Let v(q) be the third derivative of -q**5/15 + q**3/6 - 2*q**2 + 67*q + 3. Calculate v(-2).
-15
Let p(h) = 1 - 1 - 7 - 688*h - 679*h + 1377*h. What is p(-1)?
-17
Suppose 2353*h - 3*x - 4 = 2354*h, 3*h - 2*x = -67. Let u(p) = 5*p + 98. Give u(h).
3
Let j = 8 - 14. Let v be ((-6)/4)/(830/(-80) + 10). Let b(l) = v - 3*l + 4*l + 11 - 1. What is b(j)?
8
Let g(o) = -o**2 + 31*o - 50. Let z be g(29). Let s(w) = 1. Let m(d) = d + 6. Let a(b) = m(b) + 4*s(b). Determine a(z).
18
Let l(s) be the first derivative of -2*s**2 + 2 + 1473*s - s**2 - 1483*s - 30. Determine l(-8).
38
Let m(u) = -u - 10. Suppose -16*p + 28 = -9*p. Suppose -y = -f + 14, -p*f + 0*f = 4*y - 24. What is m(f)?
-20
Let m(a) = -20*a**2 - 32*a - 37. Let t(y) = -11*y**2 - 17*y - 21. Let l(d) = -6*m(d) + 11*t(d). Determine l(4).
-5
Let s(j) be the third derivative of 0 + 1/6*j**3 + 14*j**2 - 1/12*j**4 + 0*j. Suppose m - 12 = -2*m. Give s(m).
-7
Let w(d) = 54*d**2 - 110*d - 93. Let r(a) = -14*a**2 + 27*a + 23. Let g(x) = -23*r(x) - 6*w(x). What is g(20)?
9
Let u(g) be the second derivative of -3*g**5/20 - g**4/12 - g**3/6 + g**2/2 + g. Suppose -168 = -8*d - 13*d. Suppose -8*b = d*b - 16. Determine u(b).
-4
Suppose 14*d - 35*d = -609. Let u(i) = -12 + d - 5*i - 16. Calculate u(7).
-34
Let v(q) be the third derivative of q**3 + 1/4*q**4 + 0 + 0*q + 224*q**2 - 1/60*q**5. Let w = 15 + -9. Give v(w).
6
Let c(q) = 159*q - 3. Let v be c(2). Let h = 328 - v. Let g(m) = -2*m + 26. Determine g(h).
0
Let n(x) be the second derivative of 7*x**3/2 - 15*x**2 - 3505*x. Give n(-6).
-156
Let x(a) = -3*a**3 - 8*a**2 - a - 24. Let o be 1258/(-238) - (-2)/7. Let i(w) = 4*w**3 + 13*w**2 + w + 36. Let b(j) = o*i(j) - 7*x(j). Determine b(9).
6
Let r(c) be the second derivative of c**5/20 - c**4 - c**3 + 7*c**2/2 + 3912*c + 2. What is r(12)?
-65
Let o(d) be the second derivative of -7*d**5/20 + d**4/12 - d. Let a(r) = 11*r - 6. Let j be a(0). Let u be j/(-14) - (-24)/42. Give o(u).
-6
Let f(a) be the third derivative of 27*a**2 + 0 + 5/3*a**3 + 1/24*a**4 + 0*a. Determine f(-7).
3
Let z(u) = 143*u**2 + 151*u**2 - 54 + 170*u**2 + 15*u - 463*u**2. What is z(-18)?
0
Let g(b) = 17*b + 1. Let h(m) = -m**3 + m**2 - 15*m + 37. Let p(i) = g(i) + h(i). Give p(0).
38
Suppose -215*g + 22*g - 48*g = 0. Let w(q) = -q**3 - q - 58. What is w(g)?
-58
Suppose 2*l = -5*u - 0*l - 1381, 5*u = 5*l - 1360. Let t = 268 + u. Let p(g) = g**3 + 6*g**2 - 7*g - 7. Calculate p(t).
-7
Let g(v) = -3*v**2 + 4*v**2 + 159 + 6*v - 233 + 16*v. Let h be g(-25). Let t(y) = -3*y**2 - 1. Give t(h).
-4
Let n(j) = 718517*j**3 - 2*j - 718507*j**3 - j**2 - j**2. What is n(-1)?
-10
Let k(s) = 3*s + 6. Suppose -35 + 31 = 4*h + 4*f, -h - 3*f = 5. What is k(h)?
9
Let a(s) be the second derivative of -9*s**5/10 + s**4/6 - s**2/2 + 70*s - 5. Let q be (-3 - -3)/(-3) + -1. Give a(q).
19
Let h(z) = 7*z + 17. Let m be h(-3). Let t be 2/(6/(-12)*m). Let n(y) = 4*y + 1. What is n(t)?
5
Suppose -4*d - 29 = 13*l - 16*l, 0 = -2*l - 5*d - 19. Let k(q) = 5*q**3 + 1 - q - 6*q**3 + 5*q**2 + 2*q**l. Determine k(-4).
21
Let x(l) = -l**3 + 7*l**2 - 9*l + 9. Suppose k - 3*b - 8 = 8, -3*b - 24 = -3*k. Suppose -k*f - 13 + 37 = 0. Calculate x(f).
-9
Suppose 0 = -3*x - 2*x - 45. Let k = x - -3. Let t(q) be the third derivative of q**4/8 + 4*q**3/3 - 16*q**2 - 162. Give t(k).
-10
Let q(z) = -z**2 + 7*z - 9. Let a(u) = u - 22. Let o be 4/(-2)*(-12 - -10). Let g(m) = -22. Let r(k) = o*a(k) - 3*g(k). Let c be r(7). Determine q(c).
-3
Let p(o) = -o**2 + 12*o - 6. Let r(a) = -a**3 + 2*a**2 + 2*a + 5. Let c be r(0). Determine p(c).
29
Let n(v) = 94*v - 987 + 2535 + 44*v + 3*v. Calculate n(-11).
-3
Let b(y) = -3*y + 1. Let l be 1*(-12)/8 - (-105)/30. Calculate b(l).
-5
Let v be (6 - (0 + 4))*1. Let c(u) be the second derivative of 11*u**3/3 + u**2 - u + 43. Give c(v).
46
Let b(z) = z**3 + 11*z**2 + 10*z + 4. Let u be ((-220)/165)/(4/30). Let x be (32 - 31)/(1/u). Determine b(x).
4
Let z(y) = -y**3 + 8*y**2 - 13*y + 77. Let r = -30048 + 30056. Give z(r).
-27
Suppose 0*g + 105 = 3*g - 3*t, -2*t - 102 = -3*g. Let p(j) = 20 - g - 4 - j. Determine p(-7).
-9
Let v(i) = -i**3 + 15*i**2 - 11*i - 22. Let l be v(14). Let j be (l/(-60))/(2/36). Let k(s) = s**2 + 9*s + 12. Determine k(j).
-6
Let k = 9 - 4. Let a(w) = k*w + 2*w**2 - 2 + 2*w**2 - 2 - 29*w. Let q be a(6). Let y(j) = -j**2 - 6*j - 6. Calculate y(q).
2
Let v(d) = -61*d**2 - 26*d - 79. Let h(t) = 27*t**2 + 13*t + 39. Let o(y) = -9*h(y) - 4*v(y). What is o(16)?
13
Let i(j) be the first derivative of -j**4/4 + 2*j**3 + 10*j + 7432. Determine i(5).
35
Let d(h) = -h + 8. Let n(y) = -1. Let c(m) = 3*d(m) - 6*n(m). Let o(z) = z - 10. Let x(p) = 3*c(p) + 8*o(p). Suppose 6 + 14 = 4*l. Give x(l).
5
Let b(h) = 793*h - 429*h + 2*h**2 + 1 - 392*h + h**3 - 12 + 6*h**2. Determine b(-11).
-66
Let x(t) = 3*t**3 + 9*t**2 - 10*t - 8. Let i(q) be the first derivative of -2*q**4 - 19*q**3/3 + 23*q**2/2 + 17*q - 252. Let o(s) = -2*i(s) - 5*x(s). Give o(6).
-6
Let v be ((-36)/21)/((-10)/35). Suppose r - n + 4 = 1, 2*n + v = -2*r. Let x(j) = j**2 + 3*j + 38 - 75 + 41. Calculate x(r).
4
Suppose -6 = -d + 3*g, 3*d = 5*g + 3 - 1. Let q = d - -3. Let n(c) = 230 - 893 + 213 + 231 + 220 - 4*c - c**3 - 5*c**2. Give n(q).
-5
Let c = -53 + 58. Suppose 2*p + 3*v = -4 - 0, c*v + 8 = -2*p. Let g(o) = 12*o**3 - o. Determine g(p).
11
Suppose 2030 = -30*l + 16*l. Let a = -151 - l. Let t(b) = -3*b + 6. What is t(a)?
24
Let t(j) = -31 - 202*j + 48*j + 45*j + 63*j + 62*j - j**2. Determine t(17).
-48
Let t(g) = -2*g**3 - 4*g**2 - 4*g + 3. Let q = 20224 + -20228. Calculate t(q).
83
Let t(l) = -35*l - 17. Let r be t(-5). Let q = -152 + r. Let z(w) = w**3 - 5*w**2 - 2*w - 7. What is z(q)?
17
Let g(j) = 4*j**2 - 12*j + 8. Let t(m) = 7*m**2 - 15*m + 12. Let n(s) = 3*g(s) - 2*t(s). Determine n(-6).
-36
Let h(a) = -a**3 - 95*a**2 + 129*a + 3172. Let w be h(-96). Let q(p) = 2*p**3 - 6*p**2 - 3*p - 8. Calculate q(w).
12
Let d(z) be the second derivative of -z**5/20 + 7*z**4/6 + 5*z**3/2 + 62301*z. Suppose 1 = y - 14. What is d(y)?
0
Let n(w) = 5*w**3 - 65*w**2 - 5*w - 6. Let k(a) = -6*a**3 + 87*a**2 + 4*a + 7. Let s(i) = 3*k(i) + 4*n(i). What is s(4)?
109
Let z(b) = -b**3 + 8*b**2 - 43*b + 23. Let n(o) = 5*o**3 - 33*o**2 + 187*o - 94. Let x(l) = -2*n(l) - 9*z(l). Calculate x(-8).
5
Let v(w) = -17*w**2 + 30*w + 7. Let k(o) = 8*o**2 - 14*o - 4. Let f(c) = 13*k(c) + 6*v(c). Give f(4).
14
Let s(t) = -t**2 + 116*t + 2545. Let m be s(-19). Let j(p) = p**2 + 21*p + 22. Calculate j(m).
2
Let g(a) = a + 4. Let r(d) be the second derivative of -d**3/2 - 9*d**2/2 + 3*d. Let x = 60 + -55. Let s(w) = x*g(w) + 2*r(w). What is s(4)?
-2
Let q(p) = -p - 23. Suppose -971*i + 962*i - 972 = 0. Let z = i + 96. What is q(z)?
-11
Let q(c) be the second derivative of -17*c**3/6 - 74*c**2 - 1025*c. Give q(-9).
5
Let k(p) = -p + 9. Let m(b) = 1. Let n(q) = k(q) - 6*m(q). Let w(t) = 5*t**2 + 28*t + 8. Let c be w(-5). Let o be 1/(-2) - c/((-42)/27). Determine n(o).
8
Let n(k) = -k**2 - 10*k + 16. Let s be n(-10). Let w(t) = -12*t - 7*t + 6*t**2 + 2 - t**3 + s*t. Suppose 4*u = -3 + 23. What is w(u)?
12
Suppose 5*u = -d - 19, 6*d + 11 = 5*d - 3*u. Let y(t) = 31*t**2 + 22*t + 16. Let g(v) = -14*v**2 - 10*v - 7. Let r(l) = 9*g(l) + 4*y(l). What is r(d)?
-3
Let h(r) = r**3 - 2*r**2 - r + 1. Suppose 0 = 12*q - 367 - 329. Suppose p - q = i, 5*p - 298 = 4*i - i. Let w = p - 60. Determine h(w).
-1
Let o(g) = -g - 16. Let t be o(-6). Let m = t + 4. Let j(z) be the second derivative of z**5/20 + z**4/2 - z**3/6 - z**2/2 + 257*z. Calculate j(m).
5
Let m(p) be the first derivative of -p**5/60 - p**4/6 + p**3 - 47*p**2/2 + 2*p 